t is the hundreds digit of w?
1
Suppose -9*t + 2336 = -5692. What is the hundreds digit of t?
8
Let a = 24 + -18. Suppose 3*b + a - 93 = 4*j, 4*j = 0. What is the units digit of -1*b*(7 + -8)?
9
Let k(q) = -q**3 + 5*q**2 + 2*q - 3. Let j be k(5). Suppose 0 = 4*l + 3*n - 173, 4*n = -j - 13. What is the units digit of -3 - -2 - (-3 - l)?
9
Let x = -72 - -74. Suppose -x*k - k + 264 = 3*f, -4*f + 3*k = -366. What is the units digit of f?
0
Suppose 12 = -2*x + 4*w, 1 = -4*x + w - 2. Let c(d) = -d**2 - 7*d + 5. Let z be c(-7). Suppose -2*p + 74 = 2*r, x = -r - z + 2. What is the units digit of p?
0
Let i(l) = 44*l + 428. What is the hundreds digit of i(22)?
3
Suppose -4*p + 14*p = 1550. What is the tens digit of p?
5
Suppose 2*p - 5*i = 6, 0 = -2*i + 4*i. Suppose -30 = -w + 5*m, 3*w + 3*m - 15 = 3. What is the units digit of w/(-15)*p/(-2)?
1
Let z = -148 + 233. Suppose -3*l = -c - 369, l - 52 = 5*c + z. What is the hundreds digit of l?
1
Let w(d) = -34*d**2 + 2*d. Let y be w(-2). Let m = 12 - y. What is the units digit of m?
2
Let n(k) = -20*k**3 - 2*k**2 + 1. Let x(o) = o + 3. Let u be x(-4). Let a be n(u). What is the units digit of 33/11 + 1*a?
2
What is the units digit of 4*2104/(-16)*-1?
6
What is the tens digit of -9 + 60/7 - 16383/(-7)?
4
What is the tens digit of (6 - 576)/(-6)*(-1 + 3)?
9
Let r(g) = -223*g - 282. What is the tens digit of r(-18)?
3
Let q(i) = 2*i**2 + 14*i + 1. Let t be q(-10). Let w = -29 + t. What is the tens digit of w?
3
Suppose 2*w = 3*w + 18. Let g(o) = o**3 + 17*o**2 - 22*o - 15. What is the tens digit of g(w)?
5
What is the tens digit of (756/(-10))/(-7)*90?
7
What is the units digit of ((-2016)/80)/(4/(-70))?
1
Let d(q) = q**3 - 5*q**2 + 6*q - 8. Let h be d(3). Let z = -5 + 8. What is the units digit of (-246)/h - z/(-12)?
1
Suppose 4*y - 7 = -u + 6, -3*y + 2*u = 4. Let z be y/(-2) - 4/(-2). What is the units digit of 2*z*50/4?
5
Let w(o) = 4*o - 4*o + o**2 - o + 4 - 2*o. Let b(f) = 2*f. Let g be b(2). What is the units digit of w(g)?
8
Let j = 38 - 20. Let d be (-4 + j)/2 - 3. Suppose 2*h = -d, -5*i + 0*h + 3*h + 31 = 0. What is the units digit of i?
5
Suppose 1051 + 8409 = 5*c. What is the units digit of c?
2
Let u = -31 - -49. Suppose 3*i - u = -3. What is the tens digit of (-44)/10*i/(-2)?
1
Suppose -12*l + 13*l - 1743 = 5*w, 2*w = 5*l - 8807. What is the hundreds digit of l?
7
Let p(f) = -f**3 + 8*f**2 + 7*f + 2. Let u(w) = w + 26. Let v be u(-17). Let r be p(v). Let o = r + 92. What is the tens digit of o?
7
Let u(t) = t**2 - 8*t - 16. Let p be u(10). Suppose 3*x = p - 1. What is the units digit of x?
1
Suppose 0 = 3*c, 5*c + 572 - 102 = 5*q. What is the units digit of q?
4
Suppose 2*v - 261 - 1433 = 0. What is the hundreds digit of v?
8
What is the hundreds digit of (-18)/72 - 7923/(-12)?
6
Let p = -96 + 75. What is the hundreds digit of (p/(-14))/((-6)/(-976))?
2
Suppose 2*v + 0*v - 2 = 4*n, -4*n + 13 = 3*v. Let a(f) = -f**2 - f**3 + v*f**2 - f**2 + 10 - f. What is the units digit of a(0)?
0
Let h = -866 - -1436. What is the hundreds digit of h?
5
Suppose -3*y - 3*l - 152 + 668 = 0, 0 = 3*y - 2*l - 521. Let q = 96 + y. What is the units digit of q?
9
Let b be (-44 - 7)*(-1)/1. Suppose k + 9*u - b = 4*u, 0 = -3*k + 2*u + 119. What is the tens digit of k?
4
Suppose -2*o + 454 = 5*d - 2315, 0 = 5*d - 5*o - 2790. Suppose -11*i = -6*i - d. What is the units digit of i?
1
Suppose -448 = 2*t - 6*t. Suppose 163 = 11*f - t. What is the units digit of f?
5
Let o(j) = j**2 - 4*j - 10. Let h be o(-11). Suppose -4*g + h = -5. Suppose 3*k + g = 3*b - 77, 0 = 3*k. What is the units digit of b?
9
Suppose -23*n + 12*n + 9944 = 0. What is the hundreds digit of n?
9
Let v = 489 + -21. What is the units digit of v?
8
What is the thousands digit of 6/(-8) - (-657156)/368?
1
Let c = -8 + 12. Suppose 177 = c*u - u. What is the tens digit of u?
5
Let y(i) = 5*i**2 + 5*i - 9. Suppose -4*r - 6 = 14. What is the units digit of y(r)?
1
Let v = -1 - 15. Let x be (-273)/(-12) + 12/v. What is the units digit of 454/18 - x/99?
5
Let w(p) be the second derivative of p**3 - 5*p**2/2 - 11*p. Suppose -3*b - m + 21 = 0, 0*b = b - 5*m + 9. What is the units digit of w(b)?
1
Suppose -4*l - l + 15 = 0. Suppose 3*g + 6*u - 30 = l*u, 2*u - 13 = -g. Let b = g - -22. What is the units digit of b?
9
Suppose 5*g - 1729 = -4*m, 7*g + 1 = 8*g. What is the tens digit of m?
3
What is the tens digit of (63/6 - -1)*(-10 + 12)?
2
Suppose 0 = -3*x + 5 + 4. Let y be ((-4)/4)/(4/(-104)). Suppose 4*s - 61 = -x*v, -5*v - y = -s + 18. What is the tens digit of s?
1
Suppose 0 = 2*y - 3*y + 316. Suppose 152 + y = 6*m. What is the tens digit of m?
7
Suppose 2*x = -2*s - 0*s + 2082, -2*x - 3*s + 2082 = 0. What is the tens digit of x?
4
Suppose -192 = -2*c + 490. What is the units digit of c?
1
Suppose -u = 4*v - 25 - 14, -5*v + 57 = 4*u. Suppose -285 = 4*o - v*o. Let t = -38 + o. What is the tens digit of t?
1
Let c be (-2)/13 + 50/325. Suppose -4*x + 3 + 25 = c. Suppose 46 - x = 3*z. What is the units digit of z?
3
Let j = 1127 + -581. What is the tens digit of j?
4
Let m be -3 - 7/(7/(-93)). Suppose m = a - 49. What is the hundreds digit of a?
1
Let l = -32 - -35. Suppose -5*m = -5*o + 260, -2*o = 2*m - l*m - 100. What is the tens digit of o?
4
Let j(n) = -n**2 - 8*n + 4. Let b be (-14)/35*(20 - 0). Let x be j(b). Suppose -2*u - 12 = -3*m, 9*u - 16 = -4*m + x*u. What is the units digit of m?
4
Suppose 0 = -5*j - 321 - 459. Let q be -3*(-4)/(-18)*-15. What is the units digit of 4/q - j/10?
6
Suppose -30*o + 13436 = -21574. What is the hundreds digit of o?
1
Let q be ((-3 - -4) + 2)*1. Let v(w) = 13*w**2 - w - 5. Let i be v(q). Suppose -76 = -2*u - z, 3*z - 2*z = 3*u - i. What is the units digit of u?
7
Let w(h) = 1043*h - 354. What is the tens digit of w(4)?
1
Suppose 3*w + t - 41 = -3*t, w - 11 = -4*t. Suppose -w = -6*y + 3. Suppose -g = l - 47, -2*g + 4*g - y*l - 94 = 0. What is the tens digit of g?
4
Let n = -15 + 17. Suppose 17 = n*o - 17. Suppose a + 2*c = o, c - 98 = -4*a - c. What is the units digit of a?
7
Let p be 6 + -3 + 277/1. Suppose -5*d - 63 + 343 = -4*v, -p = -5*d - 5*v. What is the units digit of d?
6
Suppose -6*m - 5*p - 1021 = -7*m, -2*m = -5*p - 2067. What is the tens digit of m?
4
Let z(b) = -b**3 - 11*b**2 + 6*b + 1. Let g be z(-11). Let c = 145 + g. Suppose 2*m + 4*a = -2*m + 76, 5*a - c = -4*m. What is the tens digit of m?
1
Suppose -3 = -3*g - 0, c + 3*g - 7 = 0. Suppose c*h - 242 = 2*h. What is the hundreds digit of h?
1
Let m(k) be the third derivative of -k**4/8 - k**3/6 - 3*k**2. Let x be m(-2). Suppose -10 = 2*r, -r - 4*r = -x*q + 220. What is the tens digit of q?
3
Let y(w) = -3*w**3 + w**2 - w + 4. Suppose -1 = -3*f + 5*k, 0 = -5*f - 3*k + 2 - 23. What is the units digit of y(f)?
7
Suppose 407 = 4*v - 5*m + 148, 0 = m - 5. Let l = v + -52. What is the units digit of l?
9
Let j = 38 - 33. Suppose -4*c - 204 = -2*u, -u + j*u = 2*c + 402. What is the hundreds digit of u?
1
What is the hundreds digit of 18*(4 - (2 + (-153)/6))?
4
Suppose -l = 8*x - 5*x - 2, 3*x = -4*l + 8. What is the units digit of l?
2
Suppose 0*v - 2*v = -38. Suppose -2*k = -3 + v. What is the units digit of (36 + -1)*k/(-10)?
8
Let z(l) = 16*l. Let n be z(4). Suppose -3*v = n - 25. Let d = 20 - v. What is the units digit of d?
3
Let m = -83 + 144. Let b = m + 12. What is the tens digit of b?
7
Suppose -4*x + 30 = 2*x. Suppose -4*v - 4 = -20. Suppose -v*m - 13 = -x*m. What is the tens digit of m?
1
Let h(q) = 16*q - 6. Suppose m = 3*i - 4 + 3, -2*m = -4*i. What is the units digit of h(m)?
6
Suppose -5*i = 3*o + 12, -5*i + 8 = -0*i - 2*o. Suppose i = 2*m - 0*m + b - 95, 0 = -2*m + b + 105. What is the units digit of m?
0
Suppose 4*x - 5*l = 5, -3 + 6 = -x - 3*l. Suppose x = -5*p + j + 35, -4*j - 37 = -4*p - 9. Let i(y) = y**2 - 10. What is the units digit of i(p)?
9
What is the tens digit of 0 - 190*-1*2/5?
7
Let v(u) = u**3 + 16*u**2 + 13*u - 26. What is the tens digit of v(-9)?
2
Let t = 8 - 8. Suppose 0 = -t*f + f - 4. Suppose -3*r + 3*w + 63 = 0, -7*w + f*w = -5*r + 111. What is the units digit of r?
4
Suppose 0 = -0*j + 13*j + 2106. Let m = -58 - j. What is the units digit of m?
4
Let z(p) = p**3 + 6*p**2 + p - 4. Suppose 2*v + 5 - 8 = -j, -5*v + 7 = 2*j. Let m